{"id":5478,"date":"2020-02-08T09:25:56","date_gmt":"2020-02-08T09:25:56","guid":{"rendered":"https:\/\/wp.vlthemes.me\/sixten\/?page_id=141"},"modified":"2024-10-03T09:34:27","modified_gmt":"2024-10-03T15:34:27","slug":"blog-05","status":"publish","type":"page","link":"https:\/\/devon.mx\/blog\/","title":{"rendered":"Blog 05"},"content":{"rendered":"\t\t<div data-elementor-type=\"wp-page\" data-elementor-id=\"5478\" class=\"elementor elementor-5478\">\n\t\t\t\t\t\t<section class=\"elementor-section elementor-top-section elementor-element elementor-element-a5faf79 elementor-section-full_width elementor-section-height-default elementor-section-height-default\" data-id=\"a5faf79\" data-element_type=\"section\" data-e-type=\"section\">\n\t\t\t\t\t\t<div class=\"elementor-container elementor-column-gap-no\">\n\t\t\t\t\t<div class=\"elementor-column elementor-col-100 elementor-top-column elementor-element elementor-element-dab3678\" data-id=\"dab3678\" data-element_type=\"column\" data-e-type=\"column\">\n\t\t\t<div class=\"elementor-widget-wrap elementor-element-populated\">\n\t\t\t\t\t\t<div class=\"elementor-element elementor-element-24fbc0b elementor-widget elementor-widget-vlt-page-title\" data-id=\"24fbc0b\" data-element_type=\"widget\" data-e-type=\"widget\" data-settings=\"{&quot;aos_animation_name&quot;:&quot;none&quot;}\" data-widget_type=\"vlt-page-title.default\">\n\t\t\t\t<div class=\"elementor-widget-container\">\n\t\t\t\t\t\n\t\t<div class=\"vlt-page-title vlt-page-title--24fbc0b vlt-page-title--style-2 jarallax\">\n\n\t\t\t<img loading=\"lazy\" decoding=\"async\" width=\"1920\" height=\"960\" src=\"https:\/\/devon.mx\/blog\/wp-content\/uploads\/2024\/10\/devon_blog-1920x960.webp\" class=\"jarallax-img attachment-sixten-1920x960_crop size-sixten-1920x960_crop\" alt=\"\" loading=\"lazy\" \/><div class=\"vlt-page-title__overlay\"><\/div><div class=\"container lax\" data-lax-translate-y=\"0 0, (-elh*2) elh\" data-lax-opacity=\"0 1, (-elh*2) 0\" data-lax-anchor=\".vlt-page-title--24fbc0b\"><h1 class=\"vlt-page-title__title\">06 \/Blog<\/h1><nav class=\"vlt-breadcrumbs\"><span><a href=\"https:\/\/devon.mx\/blog\/\" ><span>Home<\/span><\/a><\/span> <span class=\"sep\">\/<\/span> <span class=\"current\">P\u00e1ginas<\/span><\/nav><\/div>\n\t\t<\/div>\n\n\t\t<div id=\"24fbc0b\"><\/div>\n\n\t\t\t\t\t\t<\/div>\n\t\t\t\t<\/div>\n\t\t\t\t\t<\/div>\n\t\t<\/div>\n\t\t\t\t\t<\/div>\n\t\t<\/section>\n\t\t\t\t<section class=\"elementor-section elementor-top-section elementor-element elementor-element-9361d95 elementor-section-boxed elementor-section-height-default elementor-section-height-default\" data-id=\"9361d95\" data-element_type=\"section\" data-e-type=\"section\">\n\t\t\t\t\t\t<div class=\"elementor-container elementor-column-gap-extended\">\n\t\t\t\t\t<div class=\"elementor-column elementor-col-33 elementor-top-column elementor-element elementor-element-2f2968d\" data-id=\"2f2968d\" data-element_type=\"column\" data-e-type=\"column\">\n\t\t\t<div class=\"elementor-widget-wrap\">\n\t\t\t\t\t\t\t<\/div>\n\t\t<\/div>\n\t\t\t\t<div class=\"elementor-column elementor-col-33 elementor-top-column elementor-element elementor-element-a281503\" data-id=\"a281503\" data-element_type=\"column\" data-e-type=\"column\">\n\t\t\t<div class=\"elementor-widget-wrap elementor-element-populated\">\n\t\t\t\t\t\t<div data-aos=\"custom\" data-aos-delay=\"100\" data-aos-once=\"true\" class=\"elementor-element elementor-element-57b2f54 elementor-widget elementor-widget-visual-portfolio\" data-id=\"57b2f54\" data-element_type=\"widget\" data-e-type=\"widget\" data-settings=\"{&quot;aos_animation_name&quot;:&quot;custom&quot;}\" data-widget_type=\"visual-portfolio.default\">\n\t\t\t\t<div class=\"elementor-widget-container\">\n\t\t\t\t\t\t\t<div\n\t\t\t\t\t>\n\t\t\t\t\t\t\t\n<div class=\"vp-portfolio vp-uid-e1f9d0ff vp-id-260 \"\n\tdata-vp-layout=\"grid\" data-vp-content-source=\"post-based\" data-vp-items-style=\"sixten_post_style_7\" data-vp-items-click-action=\"url\" data-vp-items-gap=\"0\" data-vp-items-gap-vertical=\"\" data-vp-pagination=\"load-more\" data-vp-next-page-url=\"https:\/\/devon.mx\/blog\/wp-json\/wp\/v2\/pages\/5478?vp_page=2\" data-vp-grid-columns=\"1\" data-vp-tilt-effect=\"false\" data-vp-slider-stretch-to-container=\"false\" data-vp-slider-navigation-anchor=\"\" >\n\t<div class=\"vp-portfolio__preloader-wrap\">\n\t\t<div class=\"vp-portfolio__preloader\">\n\t\t\t<img decoding=\"async\" loading=\"eager\" src=\"https:\/\/devon.mx\/blog\/wp-content\/plugins\/visual-portfolio\/assets\/images\/logo-dark.svg\" alt=\"Visual Portfolio, Posts &amp; Image Gallery para WordPress\" width=\"20\" height=\"20\" data-skip-lazy>\n\t\t<\/div>\n\t<\/div>\n\t\t<div class=\"vp-portfolio__layout-elements vp-portfolio__layout-elements-top vp-portfolio__layout-elements-align-center\">\n\t\t\t\t<div class=\"vp-portfolio__filter-wrap\">\n\t\t\n<div class=\"vp-filter vp-filter__style-sixten\">\n\t\t\t<div class=\"vp-filter__item vp-filter__item-active\">\n\t\t\t<a href=\"https:\/\/devon.mx\/blog\/wp-json\/wp\/v2\/pages\/5478\" data-vp-filter=\"*\">\n\t\t\t\tAll\n\t\t\t\t\t\t\t<\/a>\n\t\t<\/div>\n\t\t\t\t<div class=\"vp-filter__item\">\n\t\t\t<a href=\"https:\/\/devon.mx\/blog\/wp-json\/wp\/v2\/pages\/5478?vp_filter=category%3Ablockchain\" data-vp-filter=\"blockchain\">\n\t\t\t\tBlockchain\n\t\t\t\t\t\t\t<\/a>\n\t\t<\/div>\n\t\t\t\t<div class=\"vp-filter__item\">\n\t\t\t<a href=\"https:\/\/devon.mx\/blog\/wp-json\/wp\/v2\/pages\/5478?vp_filter=category%3Adesarrollo-web\" data-vp-filter=\"desarrollo-web\">\n\t\t\t\tDesarrollo web\n\t\t\t\t\t\t\t<\/a>\n\t\t<\/div>\n\t\t\t\t<div class=\"vp-filter__item\">\n\t\t\t<a href=\"https:\/\/devon.mx\/blog\/wp-json\/wp\/v2\/pages\/5478?vp_filter=category%3Adiseno-web\" data-vp-filter=\"diseno-web\">\n\t\t\t\tDise\u00f1o Web\n\t\t\t\t\t\t\t<\/a>\n\t\t<\/div>\n\t\t\t\t<div class=\"vp-filter__item\">\n\t\t\t<a href=\"https:\/\/devon.mx\/blog\/wp-json\/wp\/v2\/pages\/5478?vp_filter=category%3Aecommerce\" data-vp-filter=\"ecommerce\">\n\t\t\t\tEcommerce\n\t\t\t\t\t\t\t<\/a>\n\t\t<\/div>\n\t\t\t\t<div class=\"vp-filter__item\">\n\t\t\t<a href=\"https:\/\/devon.mx\/blog\/wp-json\/wp\/v2\/pages\/5478?vp_filter=category%3Ainnovacion-empresarial\" data-vp-filter=\"innovacion-empresarial\">\n\t\t\t\tInnovaci\u00f3n empresarial\n\t\t\t\t\t\t\t<\/a>\n\t\t<\/div>\n\t\t\t\t<div class=\"vp-filter__item\">\n\t\t\t<a href=\"https:\/\/devon.mx\/blog\/wp-json\/wp\/v2\/pages\/5478?vp_filter=category%3Ainteligencia-artificial\" data-vp-filter=\"inteligencia-artificial\">\n\t\t\t\tInteligencia Artificial\n\t\t\t\t\t\t\t<\/a>\n\t\t<\/div>\n\t\t\t\t<div class=\"vp-filter__item\">\n\t\t\t<a href=\"https:\/\/devon.mx\/blog\/wp-json\/wp\/v2\/pages\/5478?vp_filter=category%3Aiot\" data-vp-filter=\"iot\">\n\t\t\t\tiOT\n\t\t\t\t\t\t\t<\/a>\n\t\t<\/div>\n\t\t\t\t<div class=\"vp-filter__item\">\n\t\t\t<a href=\"https:\/\/devon.mx\/blog\/wp-json\/wp\/v2\/pages\/5478?vp_filter=category%3Amachine-learning\" data-vp-filter=\"machine-learning\">\n\t\t\t\tMachine Learning\n\t\t\t\t\t\t\t<\/a>\n\t\t<\/div>\n\t\t\t\t<div class=\"vp-filter__item\">\n\t\t\t<a href=\"https:\/\/devon.mx\/blog\/wp-json\/wp\/v2\/pages\/5478?vp_filter=category%3Amarketing\" data-vp-filter=\"marketing\">\n\t\t\t\tMarketing\n\t\t\t\t\t\t\t<\/a>\n\t\t<\/div>\n\t\t\t\t<div class=\"vp-filter__item\">\n\t\t\t<a href=\"https:\/\/devon.mx\/blog\/wp-json\/wp\/v2\/pages\/5478?vp_filter=category%3Aplataformas-a-medida\" data-vp-filter=\"plataformas-a-medida\">\n\t\t\t\tPlataformas a medida\n\t\t\t\t\t\t\t<\/a>\n\t\t<\/div>\n\t\t\t\t<div class=\"vp-filter__item\">\n\t\t\t<a href=\"https:\/\/devon.mx\/blog\/wp-json\/wp\/v2\/pages\/5478?vp_filter=category%3Arealidad-aumentada\" data-vp-filter=\"realidad-aumentada\">\n\t\t\t\tRealidad Aumentada\n\t\t\t\t\t\t\t<\/a>\n\t\t<\/div>\n\t\t\t\t<div class=\"vp-filter__item\">\n\t\t\t<a href=\"https:\/\/devon.mx\/blog\/wp-json\/wp\/v2\/pages\/5478?vp_filter=category%3Atecnologia\" data-vp-filter=\"tecnologia\">\n\t\t\t\tTecnolog\u00eda\n\t\t\t\t\t\t\t<\/a>\n\t\t<\/div>\n\t\t\t\t<div class=\"vp-filter__item\">\n\t\t\t<a href=\"https:\/\/devon.mx\/blog\/wp-json\/wp\/v2\/pages\/5478?vp_filter=category%3Atecnologia-para-pymes\" data-vp-filter=\"tecnologia-para-pymes\">\n\t\t\t\tTecnolog\u00eda para Pymes\n\t\t\t\t\t\t\t<\/a>\n\t\t<\/div>\n\t\t\t\t<div class=\"vp-filter__item\">\n\t\t\t<a href=\"https:\/\/devon.mx\/blog\/wp-json\/wp\/v2\/pages\/5478?vp_filter=category%3Atransformacion-digital\" data-vp-filter=\"transformacion-digital\">\n\t\t\t\tTransformaci\u00f3n digital\n\t\t\t\t\t\t\t<\/a>\n\t\t<\/div>\n\t\t\t\t<div class=\"vp-filter__item\">\n\t\t\t<a href=\"https:\/\/devon.mx\/blog\/wp-json\/wp\/v2\/pages\/5478?vp_filter=category%3Aweb3\" data-vp-filter=\"web3\">\n\t\t\t\tWeb 3.0\n\t\t\t\t\t\t\t<\/a>\n\t\t<\/div>\n\t\t<\/div>\t\t<\/div>\n\t\t\t\t<\/div>\n\t\t\t\t<div class=\"vp-portfolio__items-wrap\">\n\t\t\t\n<div class=\"vp-portfolio__items vp-portfolio__items-style-sixten_post_style_7\">\n\n\t\t<article\t\tclass=\"vp-portfolio__item-wrap post-5913 post type-post status-publish format-standard has-post-thumbnail hentry category-innovacion-empresarial category-tecnologia-para-pymes category-transformacion-digital tag-automatizacion-de-procesos tag-inteligencia-artificial tag-mejora-de-procesos vp-portfolio__item-uid-fec1bb90\" data-vp-filter=\"innovacion-empresarial,tecnologia-para-pymes,transformacion-digital\" \t\t>\n\t\t\t\t\t\t\t\t\t<figure class=\"vp-portfolio__item\">\n\t\t\t\t\n<article class=\"vlt-post vlt-post--style-7 post-5913 post type-post status-publish format-standard has-post-thumbnail hentry category-innovacion-empresarial category-tecnologia-para-pymes category-transformacion-digital tag-automatizacion-de-procesos tag-inteligencia-artificial tag-mejora-de-procesos\">\n\t<div class=\"vlt-post-content\">\n\n\t\t<div class=\"vlt-post-date\">\n\t\t\t<span>18<\/span>\n\t\t\t<span>Ene<\/span>\n\t\t<\/div>\n\t\t<!-- \/.vlt-post-date -->\n\n\t\t\n\t\t\t<h3 class=\"vlt-post-title\" data-cursor=\"View\" data-tooltip-image=\"https:\/\/devon.mx\/blog\/wp-content\/uploads\/2025\/02\/devonmultimedia_abstract_art_of_a_circle_in_the_background_smal_d4b95be4-665c-4b3f-bc47-b1c9e1834e8d-800x600.png\">\n\n\t\t\n\t\t\t\t\t\t<a href=\"https:\/\/devon.mx\/blog\/automatizacion-con-ia-transformando-la-eficiencia-de-tu-negocio\/\">Automatizaci\u00f3n con IA: Transformando la eficiencia de tu negocio<\/a>\n\n\t\t<\/h3>\n\t\t<!-- \/.vlt-post-title -->\n\n\t\t\n\t\t\t<div class=\"vlt-post-category\"><a href=\"https:\/\/devon.mx\/blog\/category\/innovacion-empresarial\/\">Innovaci\u00f3n empresarial<\/a>, <a href=\"https:\/\/devon.mx\/blog\/category\/tecnologia-para-pymes\/\">Tecnolog\u00eda para Pymes<\/a>, <a href=\"https:\/\/devon.mx\/blog\/category\/transformacion-digital\/\">Transformaci\u00f3n digital<\/a><\/div>\n\t\t\t<!-- \/.vlt-post-category -->\n\n\t\t\n\t<\/div>\n\t<!-- \/.vlt-post-content -->\n\n<\/article>\n<!-- \/.vlt-post -->\t\t\t<\/figure>\n\t\t\t\t\t<\/article>\n\t\t\n\t\t<article\t\tclass=\"vp-portfolio__item-wrap post-5910 post type-post status-publish format-standard has-post-thumbnail hentry category-desarrollo-web category-plataformas-a-medida tag-automatizacion-de-procesos tag-desarrollo-a-medida tag-desarrollo-web tag-software-a-medida tag-tecnologia-empresarial tag-transformacion-digital vp-portfolio__item-uid-67c8ea2a\" data-vp-filter=\"desarrollo-web,plataformas-a-medida\" \t\t>\n\t\t\t\t\t\t\t\t\t<figure class=\"vp-portfolio__item\">\n\t\t\t\t\n<article class=\"vlt-post vlt-post--style-7 post-5910 post type-post status-publish format-standard has-post-thumbnail hentry category-desarrollo-web category-plataformas-a-medida tag-automatizacion-de-procesos tag-desarrollo-a-medida tag-desarrollo-web tag-software-a-medida tag-tecnologia-empresarial tag-transformacion-digital\">\n\t<div class=\"vlt-post-content\">\n\n\t\t<div class=\"vlt-post-date\">\n\t\t\t<span>27<\/span>\n\t\t\t<span>Nov<\/span>\n\t\t<\/div>\n\t\t<!-- \/.vlt-post-date -->\n\n\t\t\n\t\t\t<h3 class=\"vlt-post-title\" data-cursor=\"View\" data-tooltip-image=\"https:\/\/devon.mx\/blog\/wp-content\/uploads\/2025\/02\/0_2-800x600.jpeg\">\n\n\t\t\n\t\t\t\t\t\t<a href=\"https:\/\/devon.mx\/blog\/plataformas-tecnologicas-personalizadas\/\">La flexibilidad de las plataformas tecnol\u00f3gicas personalizadas<\/a>\n\n\t\t<\/h3>\n\t\t<!-- \/.vlt-post-title -->\n\n\t\t\n\t\t\t<div class=\"vlt-post-category\"><a href=\"https:\/\/devon.mx\/blog\/category\/desarrollo-web\/\">Desarrollo web<\/a>, <a href=\"https:\/\/devon.mx\/blog\/category\/plataformas-a-medida\/\">Plataformas a medida<\/a><\/div>\n\t\t\t<!-- \/.vlt-post-category -->\n\n\t\t\n\t<\/div>\n\t<!-- \/.vlt-post-content -->\n\n<\/article>\n<!-- \/.vlt-post -->\t\t\t<\/figure>\n\t\t\t\t\t<\/article>\n\t\t\n\t\t<article\t\tclass=\"vp-portfolio__item-wrap post-5905 post type-post status-publish format-standard has-post-thumbnail hentry category-tecnologia category-web3 vp-portfolio__item-uid-0eb92fe4\" data-vp-filter=\"tecnologia,web3\" \t\t>\n\t\t\t\t\t\t\t\t\t<figure class=\"vp-portfolio__item\">\n\t\t\t\t\n<article class=\"vlt-post vlt-post--style-7 post-5905 post type-post status-publish format-standard has-post-thumbnail hentry category-tecnologia category-web3\">\n\t<div class=\"vlt-post-content\">\n\n\t\t<div class=\"vlt-post-date\">\n\t\t\t<span>10<\/span>\n\t\t\t<span>Sep<\/span>\n\t\t<\/div>\n\t\t<!-- \/.vlt-post-date -->\n\n\t\t\n\t\t\t<h3 class=\"vlt-post-title\" data-cursor=\"View\" data-tooltip-image=\"https:\/\/devon.mx\/blog\/wp-content\/uploads\/2024\/10\/devonmultimedia_abstract_art_with_a_combination_of_organic_geom_234d7f61-72a7-47b6-a661-fd11904206e7-800x600.png\">\n\n\t\t\n\t\t\t\t\t\t<a href=\"https:\/\/devon.mx\/blog\/preparando-tu-empresa-para-la-revolucion-de-web-3-0-innovacion-y-oportunidades\/\">Preparando tu Empresa para la Revoluci\u00f3n de Web 3.0: Innovaci\u00f3n y Oportunidades<\/a>\n\n\t\t<\/h3>\n\t\t<!-- \/.vlt-post-title -->\n\n\t\t\n\t\t\t<div class=\"vlt-post-category\"><a href=\"https:\/\/devon.mx\/blog\/category\/tecnologia\/\">Tecnolog\u00eda<\/a>, <a href=\"https:\/\/devon.mx\/blog\/category\/web3\/\">Web 3.0<\/a><\/div>\n\t\t\t<!-- \/.vlt-post-category -->\n\n\t\t\n\t<\/div>\n\t<!-- \/.vlt-post-content -->\n\n<\/article>\n<!-- \/.vlt-post -->\t\t\t<\/figure>\n\t\t\t\t\t<\/article>\n\t\t\n\t\t<article\t\tclass=\"vp-portfolio__item-wrap post-5900 post type-post status-publish format-standard has-post-thumbnail hentry category-inteligencia-artificial category-machine-learning vp-portfolio__item-uid-7ed3db6b\" data-vp-filter=\"inteligencia-artificial,machine-learning\" \t\t>\n\t\t\t\t\t\t\t\t\t<figure class=\"vp-portfolio__item\">\n\t\t\t\t\n<article class=\"vlt-post vlt-post--style-7 post-5900 post type-post status-publish format-standard has-post-thumbnail hentry category-inteligencia-artificial category-machine-learning\">\n\t<div class=\"vlt-post-content\">\n\n\t\t<div class=\"vlt-post-date\">\n\t\t\t<span>24<\/span>\n\t\t\t<span>Ago<\/span>\n\t\t<\/div>\n\t\t<!-- \/.vlt-post-date -->\n\n\t\t\n\t\t\t<h3 class=\"vlt-post-title\" data-cursor=\"View\" data-tooltip-image=\"https:\/\/devon.mx\/blog\/wp-content\/uploads\/2024\/10\/devonmultimedia_abstract_art_of_a_circle_in_the_background_smal_882f3079-dbdd-4f38-8f08-b4ae4000f77a-800x600.png\">\n\n\t\t\n\t\t\t\t\t\t<a href=\"https:\/\/devon.mx\/blog\/la-revolucion-del-machine-learning-personalizacion-al-maximo-en-la-experiencia-del-usuario-%f0%9f%9a%80\/\">La Revoluci\u00f3n del Machine Learning: Personalizaci\u00f3n al M\u00e1ximo en la Experiencia del Usuario \ud83d\ude80<\/a>\n\n\t\t<\/h3>\n\t\t<!-- \/.vlt-post-title -->\n\n\t\t\n\t\t\t<div class=\"vlt-post-category\"><a href=\"https:\/\/devon.mx\/blog\/category\/inteligencia-artificial\/\">Inteligencia Artificial<\/a>, <a href=\"https:\/\/devon.mx\/blog\/category\/machine-learning\/\">Machine Learning<\/a><\/div>\n\t\t\t<!-- \/.vlt-post-category -->\n\n\t\t\n\t<\/div>\n\t<!-- \/.vlt-post-content -->\n\n<\/article>\n<!-- \/.vlt-post -->\t\t\t<\/figure>\n\t\t\t\t\t<\/article>\n\t\t\n\t\t<article\t\tclass=\"vp-portfolio__item-wrap post-5895 post type-post status-publish format-standard has-post-thumbnail hentry category-blockchain category-ecommerce category-tecnologia vp-portfolio__item-uid-deb9fe9a\" data-vp-filter=\"blockchain,ecommerce,tecnologia\" \t\t>\n\t\t\t\t\t\t\t\t\t<figure class=\"vp-portfolio__item\">\n\t\t\t\t\n<article class=\"vlt-post vlt-post--style-7 post-5895 post type-post status-publish format-standard has-post-thumbnail hentry category-blockchain category-ecommerce category-tecnologia\">\n\t<div class=\"vlt-post-content\">\n\n\t\t<div class=\"vlt-post-date\">\n\t\t\t<span>08<\/span>\n\t\t\t<span>Ago<\/span>\n\t\t<\/div>\n\t\t<!-- \/.vlt-post-date -->\n\n\t\t\n\t\t\t<h3 class=\"vlt-post-title\" data-cursor=\"View\" data-tooltip-image=\"https:\/\/devon.mx\/blog\/wp-content\/uploads\/2024\/09\/headblog-el-papel-del-blockchain-800x566.webp\">\n\n\t\t\n\t\t\t\t\t\t<a href=\"https:\/\/devon.mx\/blog\/el-papel-de-blockchain-en-el-comercio-digital\/\">El Papel de Blockchain en el Comercio Digital<\/a>\n\n\t\t<\/h3>\n\t\t<!-- \/.vlt-post-title -->\n\n\t\t\n\t\t\t<div class=\"vlt-post-category\"><a href=\"https:\/\/devon.mx\/blog\/category\/blockchain\/\">Blockchain<\/a>, <a href=\"https:\/\/devon.mx\/blog\/category\/ecommerce\/\">Ecommerce<\/a>, <a href=\"https:\/\/devon.mx\/blog\/category\/tecnologia\/\">Tecnolog\u00eda<\/a><\/div>\n\t\t\t<!-- \/.vlt-post-category -->\n\n\t\t\n\t<\/div>\n\t<!-- \/.vlt-post-content -->\n\n<\/article>\n<!-- \/.vlt-post -->\t\t\t<\/figure>\n\t\t\t\t\t<\/article>\n\t\t\n<\/div>\n\t\t<\/div>\n\t\t\t\t<div class=\"vp-portfolio__layout-elements vp-portfolio__layout-elements-bottom vp-portfolio__layout-elements-align-center\">\n\t\t\t\t<div class=\"vp-portfolio__pagination-wrap\">\n\t\t\n<div class=\"vp-pagination vp-pagination__style-sixten\" data-vp-pagination-type=\"load-more\">\n\t<div class=\"vp-pagination__item\">\n\t\t<a class=\"vp-pagination__load-more\" href=\"https:\/\/devon.mx\/blog\/wp-json\/wp\/v2\/pages\/5478?vp_page=2\">\n\t\t\t<span class=\"vp-pagination__load-more-load\"><i class=\"ri-arrow-down-line\"><\/i><\/span>\n\t\t\t<span class=\"vp-pagination__load-more-loading\"><i class=\"ri-loader-2-line\"><\/i><\/span>\n\t\t\t<span class=\"vp-pagination__load-more-no-more\"><i class=\"ri-arrow-down-line\"><\/i><\/span>\n\t\t<\/a>\n\t<\/div>\n<\/div>\t\t<\/div>\n\t\t\t\t<\/div>\n\t\t\n<\/div>\n\t\t\t\t\t<\/div>\n\t\t\t\t\t\t<\/div>\n\t\t\t\t<\/div>\n\t\t\t\t\t<\/div>\n\t\t<\/div>\n\t\t\t\t<div class=\"elementor-column elementor-col-33 elementor-top-column elementor-element elementor-element-5ff5a5a\" data-id=\"5ff5a5a\" data-element_type=\"column\" data-e-type=\"column\">\n\t\t\t<div class=\"elementor-widget-wrap\">\n\t\t\t\t\t\t\t<\/div>\n\t\t<\/div>\n\t\t\t\t\t<\/div>\n\t\t<\/section>\n\t\t\t\t<\/div>\n\t\t","protected":false},"excerpt":{"rendered":"<p>06 \/Blog Home \/ P\u00e1ginas<\/p>\n","protected":false},"author":1,"featured_media":0,"parent":0,"menu_order":35,"comment_status":"closed","ping_status":"closed","template":"template-custom-page.php","meta":{"_acf_changed":false,"_monsterinsights_skip_tracking":false,"_monsterinsights_sitenote_active":false,"_monsterinsights_sitenote_note":"","_monsterinsights_sitenote_category":0,"_vp_format_video_url":"","_vp_image_focal_point":[],"footnotes":""},"class_list":["post-5478","page","type-page","status-publish","hentry"],"acf":[],"aioseo_notices":[],"_links":{"self":[{"href":"https:\/\/devon.mx\/blog\/wp-json\/wp\/v2\/pages\/5478","targetHints":{"allow":["GET"]}}],"collection":[{"href":"https:\/\/devon.mx\/blog\/wp-json\/wp\/v2\/pages"}],"about":[{"href":"https:\/\/devon.mx\/blog\/wp-json\/wp\/v2\/types\/page"}],"author":[{"embeddable":true,"href":"https:\/\/devon.mx\/blog\/wp-json\/wp\/v2\/users\/1"}],"replies":[{"embeddable":true,"href":"https:\/\/devon.mx\/blog\/wp-json\/wp\/v2\/comments?post=5478"}],"version-history":[{"count":3,"href":"https:\/\/devon.mx\/blog\/wp-json\/wp\/v2\/pages\/5478\/revisions"}],"predecessor-version":[{"id":5882,"href":"https:\/\/devon.mx\/blog\/wp-json\/wp\/v2\/pages\/5478\/revisions\/5882"}],"wp:attachment":[{"href":"https:\/\/devon.mx\/blog\/wp-json\/wp\/v2\/media?parent=5478"}],"curies":[{"name":"wp","href":"https:\/\/api.w.org\/{rel}","templated":true}]}}